ase 11?
-5a8
633 (base 14) to base 5
14341
Convert -1634 (base 7) to base 13.
-3bc
What is 1700c (base 13) in base 9?
66255
What is e67 (base 16) in base 11?
2852
21331 (base 5) to base 11
1113
What is 130425 (base 6) in base 5?
334300
Convert 12a89 (base 12) to base 7.
135015
Convert 10202112 (base 3) to base 5.
41431
1110100011101001 (base 2) to base 13
211a7
40531 (base 8) to base 15
4e54
10103 (base 4) to base 14
159
Convert 13333 (base 4) to base 16.
1ff
What is -1426 (base 9) in base 4?
-100311
Convert 147b (base 13) to base 7.
11450
102022212 (base 3) to base 2
10000001000010
Convert 35b (base 12) to base 11.
418
29c5 (base 13) to base 2
1011110111100
22121210 (base 3) to base 8
14215
Convert -621 (base 8) to base 16.
-191
-202331 (base 4) to base 3
-10001212
What is -41222 (base 5) in base 14?
-d9d
What is -4028 (base 11) in base 5?
-132404
-29b0 (base 16) to base 15
-3267
101202 (base 4) to base 8
2142
What is 301213 (base 4) in base 11?
2427
What is -187 (base 16) in base 6?
-1451
What is -125 (base 16) in base 4?
-10211
What is -1000 (base 8) in base 2?
-1000000000
What is -11a (base 15) in base 14?
-13c
5844 (base 14) to base 7
62514
Convert -614 (base 16) to base 13.
-929
What is -134423 (base 6) in base 4?
-3012033
Convert 7cd (base 16) to base 3.
2201222
1302230 (base 4) to base 16
1cac
100000011100111 (base 2) to base 9
24711
Convert 5277 (base 10) to base 14.
1ccd
Convert -2112 (base 3) to base 16.
-44
Convert -1020122 (base 3) to base 10.
-908
Convert -40 (base 6) to base 7.
-33
What is 1366 (base 7) in base 11?
44a
14531 (base 6) to base 7
6610
Convert 2201222 (base 3) to base 5.
30442
What is 72221 (base 8) in base 10?
29841
What is -12302 (base 5) in base 13?
-583
4ca2 (base 13) to base 10
10948
-1a5 (base 14) to base 13
-203
Convert -568 (base 14) to base 8.
-2060
What is -2020 (base 10) in base 16?
-7e4
Convert 414 (base 12) to base 3.
210221
What is 1ca (base 14) in base 2?
101110110
827 (base 10) to base 6
3455
What is 2771 (base 12) in base 15?
1534
1485a (base 11) to base 7
115135
Convert -5a (base 11) to base 3.
-2102
366 (base 9) to base 7
612
What is 10011001101 (base 2) in base 11?
a18
Convert -1732 (base 12) to base 7.
-11042
What is 6cd (base 14) in base 8?
2515
35b (base 13) to base 14
2d9
Convert 1101000010111 (base 2) to base 13.
306a
What is 11010101122 (base 3) in base 2?
10011110100110110
Convert 41208 (base 9) to base 13.
c47c
Convert -443 (base 9) to base 11.
-300
What is 14314 (base 9) in base 8?
23005
Convert -2731 (base 9) to base 11.
-15a7
-16a (base 14) to base 12
-202
Convert 23412 (base 6) to base 8.
6500
What is -23351 (base 7) in base 13?
-2978
2a162 (base 11) to base 5
2332111
323 (base 7) to base 8
244
Convert 38ae (base 16) to base 13.
67b2
-60853 (base 9) to base 14
-10858
What is c29 (base 13) in base 4?
200033
Convert 65222 (base 8) to base 5.
1333112
Convert 12236 (base 7) to base 6.
22512
-1b9 (base 15) to base 6
-1503
Convert -631 (base 12) to base 7.
-2425
What is 773 (base 12) in base 13?
663
Convert 210 (base 4) to base 7.
51
What is 3031213 (base 4) in base 16?
3367
Convert 1347 (base 13) to base 16.
acb
3541 (base 10) to base 3
11212011
221011121 (base 3) to base 12
a751
What is 1111221 (base 3) in base 13?
670
-1221212 (base 3) to base 12
-9ab
What is 22011 (base 3) in base 7?
433
What is 7527 (base 14) in base 10?
20223
-36f1 (base 16) to base 2
-11011011110001
-1011010010101 (base 2) to base 3
-21221010
What is -10010022 (base 3) in base 8?
-4344
1b1 (base 12) to base 7
544
What is 33032 (base 5) in base 4?
203123
Convert -e75 (base 16) to base 14.
-14c5
What is -1110101011 (base 2) in base 9?
-1253
-106110 (base 9) to base 15
-13c43
Convert -1464 (base 7) to base 2.
-1001001001
What is 2400 (base 5) in base 6?
1342
-203 (base 13) to base 2
-101010101
Convert -1100011001000 (base 2) to base 6.
-45212
What is 48 (base 10) in base 13?
39
10010010001100 (base 2) to base 5
244411
Convert 92bc (base 13) to base 6.
233454
Convert -120622 (base 7) to base 3.
-1010001211
-1425 (base 13) to base 5
-43104
8b9 (base 13) to base 14
796
Convert 14301 (base 7) to base 2.
111101010001
What is 6b35 (base 14) in base 13?
865c
What is -d12 (base 14) in base 15?
-b5e
Convert 1a4 (base 14) to base 3.
110121
Convert -210 (base 12) to base 10.
-300
What is -21030 (base 4) in base 10?
-588
Convert -1264 (base 7) to base 11.
-403
5370 (base 10) to base 14
1d58
What is 713 (base 10) in base 14?
38d
What is -21 (base 3) in base 7?
-10
Convert -44614 (base 7) to base 10.
-11281
What is -4702 (base 11) in base 16?
-181d
-2112 (base 6) to base 12
-338
What is -1294 (base 10) in base 13?
-787
What is -405503 (base 6) in base 2?
-111111001101111
What is -83085 (base 9) in base 4?
-31113200
13d0 (base 14) to base 4
312322
2d3 (base 14) to base 16
241
Convert 101111 (base 3) to base 16.
11b
What is 10110000100 (base 2) in base 7?
4055
What is -11101110010 (base 2) in base 5?
-30111
Convert 554 (base 8) to base 6.
1404
1000101110110 (base 2) to base 11
33a4
What is 9a6 (base 11) in base 2?
10010110101
Convert -1474 (base 8) to base 10.
-828
Convert 11200201 (base 3) to base 5.
102141
What is -e5 (base 16) in base 5?
-1404
-3164 (base 14) to base 11
-6442
What is -322 (base 6) in base 9?
-145
Convert 101552 (base 7) to base 13.
7c1c
What is -35532 (base 7) in base 16?
-23e2
Convert 33356 (base 9) to base 3.
1010101220
What is -28a (base 11) in base 15?
-17a
What is 2100222 (base 3) in base 5?
23402
What is 5813 (base 12) in base 14?
3807
What is 14bb (base 12) in base 13?
1163
What is 756 (base 16) in base 6?
12410
31303 (base 4) to base 8
1563
Convert -15470 (base 13) to base 4.
-21311321
What is 1131 (base 6) in base 16?
10f
Convert -110100200 (base 3) to base 16.
-2331
2a8 (base 14) to base 12
390
Convert -120020001 (base 3) to base 16.
-2b5a
What is -444 (base 15) in base 10?
-964
-410424 (base 5) to base 12
-77b3
What is 814 (base 10) in base 15?
394
What is -330 (base 7) in base 11?
-143
-2616 (base 10) to base 4
-220320
What is 567 (base 16) in base 6?
10223
What is 1000200021 (base 3) in base 12?
b814
What is -16644 (base 11) in base 2?
-101101101101001
What is -15336 (base 8) in base 10?
-6878
-fb (base 16) to base 6
-1055
Convert 463 (base 9) to base 13.
234
What is 159 (base 15) in base 8?
465
-31341 (base 5) to base 4
-200300
What is -809 (base 10) in base 3?
-1002222
What is 7342 (base 8) in base 13?
1971
What is -5cc3 (base 14) in base 7?
-65233
What is 205555 (base 6) in base 5?
1014342
What is 365 (base 13) in base 3?
210212
10222010 (base 3) to base 7
11301
What is -474 (base 9) in base 14?
-1dd
Convert 30321 (base 4) to base 13.
4b6
What is 10418 (base 9) in base 13?
31ac
-2211010 (base 4) to base 10
-10564
20333 (base 4) to base 3
210022
What is 785 (base 12) in base 9?
1462
Convert -6017 (base 15) to base 7.
-113050
What is -235 (base 11) in base 14?
-160
-1b094 (base 13) to base 8
-147161
Convert 1202230 (base 6) to base 13.
22725
-ff (base 16) to base 3
-100110
What is -119c (base 13) in base 5?
-34440
-3054 (base 7) to base 5
-13233
What is 41c0 (base 14) in base 16?
2c4c
What is -285 (base 12) in base 9?
-472
What is 1011 (base 7) in base 6?
1343
2021 (base 6) to base 13
283
What is 4242 (base 5) in base 14?
2cc
What is 10224 (base 7) in base 15?
b2c
Convert -592 (base 13) to base 16.
-3c4
What is -11202202111 (base 3) in base 2?
-10110111010101001
-7c21 (base 15) to base 5
-1320411
-5115 (base 7) to base 2
-11011110000
Convert 11215 (base 6) to base 4.
120323
7b28 (base 13) to base 8
41570
Convert -732 (base 8) to base 9.
-576
299 (base 16) to base 4
22121
6d3 (base 14) to base 16
551
234 (base 16) to base 7
1434
-191 (base 16) to base 5
-3101
Convert 261 (base 16) to base 4.
21201
Convert -212022 (base 4) to base 7.
-10056
Convert -85 (base 11) to base 3.
-10110
Convert 12c2 (base 14) to base 16.
cea
Convert 2989 (base 12) to base 7.
20106
Convert 13430 (base 7) to base 11.
2816
What is -1230130 (base 4) in base 10?
-6940
2000 (base 7) to base 8
1256
Convert -21523 (base 6) to base 4.
-232323
11353 (base 6) to base 11
1273
What is -1100202 (base 3) in base 6?
-4332
5046 (base 10) to base 15
1766
Convert 376 (base 9) to base 16.
138
What is 220302 (base 4) in base 14?
d46
Convert 41